, 5, 2657, 9547
What are the prime factors of 322952612?
2, 109, 740717
List the prime factors of 655254069.
3, 17, 12848119
List the prime factors of 136336409.
11, 12394219
What are the prime factors of 1986119481?
3, 6961, 95107
List the prime factors of 245289532.
2, 17, 3607199
What are the prime factors of 21485944?
2, 73, 36791
List the prime factors of 2311599969.
3, 7, 73, 502631
What are the prime factors of 62287096?
2, 7785887
What are the prime factors of 156145935?
3, 5, 11, 17, 55667
What are the prime factors of 217463304?
2, 3, 9060971
List the prime factors of 96230338.
2, 47, 409, 2503
List the prime factors of 10925486.
2, 11, 13, 38201
List the prime factors of 40069880.
2, 5, 29, 34543
List the prime factors of 1007250502.
2, 503625251
List the prime factors of 954755631.
3, 106083959
List the prime factors of 807127009.
13, 97, 640069
List the prime factors of 61623963.
3, 17, 134257
What are the prime factors of 3146546197?
29, 139, 780587
What are the prime factors of 2977862039?
19, 156729581
List the prime factors of 454272447.
3, 59, 101, 25411
What are the prime factors of 966673286?
2, 483336643
List the prime factors of 33376642.
2, 13, 1283717
What are the prime factors of 17978257?
11, 43, 191, 199
List the prime factors of 353319.
3, 117773
What are the prime factors of 102308278?
2, 17, 23, 130829
What are the prime factors of 1185285511?
109, 131, 83009
List the prime factors of 343373522.
2, 251, 283, 2417
List the prime factors of 40266189.
3, 43, 104047
What are the prime factors of 911964633?
3, 303988211
What are the prime factors of 80058131?
43, 1861817
List the prime factors of 1731209091.
3, 577069697
List the prime factors of 1241553825.
3, 5, 204371
What are the prime factors of 211496662?
2, 13, 37, 219851
What are the prime factors of 55942506?
2, 3, 109, 28513
What are the prime factors of 28487675?
5, 83, 13729
What are the prime factors of 389169611?
389169611
List the prime factors of 405251742.
2, 3, 7, 29, 313, 1063
List the prime factors of 2711449.
13, 17, 12269
What are the prime factors of 2372715218?
2, 5081, 233489
What are the prime factors of 70271895?
3, 5, 71, 65983
What are the prime factors of 84254262?
2, 3, 41, 342497
What are the prime factors of 1911591664?
2, 119474479
What are the prime factors of 85016480?
2, 5, 531353
What are the prime factors of 183699127?
17, 10805831
What are the prime factors of 188061738?
2, 3, 2447, 12809
List the prime factors of 189355338.
2, 3, 2579, 4079
List the prime factors of 2851397392.
2, 29, 467, 13159
List the prime factors of 344232527.
139, 311, 7963
List the prime factors of 291461029.
6299, 46271
List the prime factors of 18594434.
2, 9297217
What are the prime factors of 1909098356?
2, 11, 1129, 38431
What are the prime factors of 1199573806?
2, 29, 713183
What are the prime factors of 19579225?
5, 827, 947
What are the prime factors of 357161147?
7, 7289003
List the prime factors of 101525511.
3, 33841837
What are the prime factors of 1453252690?
2, 5, 47, 151, 20477
List the prime factors of 45957933.
3, 7, 23, 197
List the prime factors of 539081750.
2, 5, 163, 13229
List the prime factors of 25022967.
3, 8340989
List the prime factors of 1542293399.
29, 107, 307, 1619
List the prime factors of 117822878.
2, 31, 1900369
List the prime factors of 605902535.
5, 7, 101, 171401
What are the prime factors of 240759114?
2, 3, 281, 142799
List the prime factors of 6887662960.
2, 5, 86095787
What are the prime factors of 13086762?
2, 3, 13, 167779
What are the prime factors of 365290392?
2, 3, 47, 109, 2971
List the prime factors of 1103521525.
5, 44140861
List the prime factors of 139839171.
3, 31, 1503647
List the prime factors of 9782512.
2, 29, 727
List the prime factors of 7156759534.
2, 23, 6764423
What are the prime factors of 5879927725?
5, 7, 4799941
What are the prime factors of 78147027?
3, 7, 103, 12043
List the prime factors of 199340754.
2, 3, 137, 197, 1231
What are the prime factors of 624319146?
2, 3, 11, 79, 167, 239
List the prime factors of 956988880.
2, 5, 991, 12071
List the prime factors of 6689195236.
2, 1672298809
What are the prime factors of 2481033497?
131, 1277, 14831
List the prime factors of 204792412.
2, 11, 19, 12893
List the prime factors of 135124966.
2, 67562483
What are the prime factors of 83757694?
2, 41878847
What are the prime factors of 454444847?
454444847
What are the prime factors of 187506280?
2, 5, 13, 360589
List the prime factors of 972811809.
3, 36030067
List the prime factors of 378675330.
2, 3, 5, 11, 29, 39569
List the prime factors of 123957080.
2, 5, 13, 127, 1877
List the prime factors of 33590052.
2, 3, 43, 2411
List the prime factors of 247196054.
2, 7, 17656861
List the prime factors of 1019929870.
2, 5, 2837, 35951
List the prime factors of 225690236.
2, 283, 199373
List the prime factors of 1723070453.
13, 499, 265619
List the prime factors of 1727596671.
3, 29, 19857433
List the prime factors of 2409296384.
2, 11, 427787
List the prime factors of 319373589.
3, 106457863
What are the prime factors of 23541034?
2, 11, 89, 1093
List the prime factors of 252925367.
269, 607, 1549
What are the prime factors of 78807310?
2, 5, 127, 62053
List the prime factors of 3084380413.
3084380413
List the prime factors of 89150457.
3, 11, 2701529
List the prime factors of 179341377.
3, 59780459
List the prime factors of 219306200.
2, 5, 191, 5741
What are the prime factors of 31038482?
2, 15519241
List the prime factors of 331786274.
2, 29, 197257
What are the prime factors of 3872350262?
2, 11, 73, 2411177
What are the prime factors of 240424412?
2, 60106103
What are the prime factors of 128476359?
3, 11, 431, 3011
List the prime factors of 96698758.
2, 13, 59, 373
What are the prime factors of 1616506?
2, 701, 1153
List the prime factors of 242635109.
31, 1019, 7681
List the prime factors of 141446482.
2, 59, 1198699
What are the prime factors of 81945145?
5, 1789, 9161
What are the prime factors of 508551650?
2, 5, 10171033
What are the prime factors of 42296334?
2, 3, 47, 127, 1181
What are the prime factors of 46683429?
3, 13, 1197011
List the prime factors of 248378194.
2, 17, 7305241
List the prime factors of 1977306888.
2, 3, 1249, 65963
What are the prime factors of 150868685?
5, 11, 83, 33049
List the prime factors of 250745596.
2, 37, 1694227
List the prime factors of 700132186.
2, 13, 2071397
List the prime factors of 53696013.
3, 7, 17, 21487
What are the prime factors of 2689839284?
2, 11, 61132711
What are the prime factors of 40341398?
2, 20170699
List the prime factors of 261397983.
3, 7, 11, 31, 173, 211
What are the prime factors of 94964265?
3, 5, 11, 63949
What are the prime factors of 458809167?
3, 569, 268781
What are the prime factors of 132728299?
11, 17, 709777
List the prime factors of 133704580.
2, 5, 823, 8123
List the prime factors of 15884444.
2, 23, 172657
List the prime factors of 5589050859.
3, 7, 3041, 29173
What are the prime factors of 116192107?
3119, 37253
List the prime factors of 32113354.
2, 7, 13, 101, 1747
List the prime factors of 1025903569.
23, 44604503
List the prime factors of 533693020.
2, 5, 7, 1907, 1999
List the prime factors of 532916755.
5, 7, 587, 25939
List the prime factors of 280150174.
2, 17, 19, 47, 9227
What are the prime factors of 41570439?
3, 3109, 4457
List the prime factors of 146454747.
3, 41, 101, 11789
List the prime factors of 140557703.
11, 13, 439, 2239
List the prime factors of 6979163940.
2, 3, 5, 7, 5539019
List the prime factors of 112708636.
2, 367, 76777
What are the prime factors of 21915304?
2, 211, 12983
List the prime factors of 632716714.
2, 7, 1051, 6143
List the prime factors of 236061923.
236061923
What are the prime factors of 264459146?
2, 7, 1583, 11933
What are the prime factors of 256370000?
2, 5, 31, 827
List the prime factors of 1597338362.
2, 23, 179, 193993
List the prime factors of 240310837.
13, 18485449
List the prime factors of 177805682.
2, 88902841
What are the prime factors of 25169967?
3, 932221
List the prime factors of 161276799.
3, 3733, 14401
What are the prime factors of 810561930?
2, 3, 5, 619, 43649
List the prime factors of 3650598584.
2, 456324823
List the prime factors of 1